1. Suppose 5*n - 184 = -5*u + 221, 0 = 4*n - 2*u - 348. What is the tens digit of ((-2)/(-5))/(y/n)?
3
Suppose 39*z - 43*z + 15508 = 0. What is the units digit of z?
7
Let h(t) = t**2 + t - 4. What is the hundreds digit of h(-12)?
1
What is the units digit of (-180)/126 + 32358/42?
9
Let r = -7 - -18. Let j = -9 + r. What is the units digit of j/7 + (-150)/(-14)?
1
Let m(k) = -2*k**2 - 71*k + 241. What is the tens digit of m(-33)?
0
Suppose -26*p = 17252 - 76038. What is the units digit of p?
1
Suppose 6 = 8*k - 10. Suppose 0 = -k*h - 5*x + 79 + 94, 4*x - 178 = -2*h. What is the units digit of h?
9
Suppose -2*h - 2*m = -710, -3*h + 3*m = -720 - 345. Suppose -219 = -3*o - 3*v, 5*o + 2*v - h = -v. What is the units digit of o?
8
Let k(r) = r**3 + 4*r. Let w be k(0). Let j = w + 46. What is the units digit of j?
6
Let d(k) = -k**3 + 7*k**2 + 10*k - 5. Let h be d(8). Let y be (8 - h)/(3/8). Let z(b) = b**3 + 8*b**2 - 3*b - 3. What is the units digit of z(y)?
1
Let u(i) = 5*i**3 - 5*i**2 + 2*i + 3. Let c be u(3). Let d = c + -26. What is the units digit of d?
3
Let l(h) = 3*h**2 - 12*h + 17. Let w be l(7). Suppose 3*s + 156 = -s. Let p = w + s. What is the units digit of p?
1
Suppose -18*b = -33*b + 14745. What is the tens digit of b?
8
Let j be 50/(-15)*12/(-10). Let u be j/(-1)*(-66)/12. Suppose 2*y - u - 4 = 0. What is the tens digit of y?
1
Suppose 5 = -t - 16. What is the units digit of 189/(-6)*36/t?
4
Let w(y) = -y**3 + 14*y**2 - 12*y - 24. Let v = 56 + -44. What is the units digit of w(v)?
0
Let v(r) = 8*r + 17. What is the units digit of v(17)?
3
Suppose -5*a + a - 290 = -3*b, 0 = 3*a + b + 211. Let d = 19 - a. What is the units digit of d?
0
Let q be 1/(-2) + (-20)/(-8). Suppose -542 = -3*k + q*a, -k - a + 899 = 4*k. What is the units digit of k?
0
Let q(z) = -2*z**3 + 19*z**2 - 15*z + 9. What is the tens digit of q(-7)?
3
Let s(k) = 7*k + 28. Let j(y) = 9*y + 19. Let u(d) = -d. Let l(w) = -j(w) - 4*u(w). Let z(g) = 8*l(g) + 5*s(g). What is the units digit of z(-8)?
8
Let l be 9/(-21) - -1 - 3686/7. Let w = -260 - l. What is the units digit of w?
6
Let a = 11 - 29. Let z = 74 + a. What is the units digit of z?
6
Suppose -4*t = d - 224, -5*t = -4*d + 3*d + 179. Let j = -130 + d. What is the units digit of j?
4
Let v = 9 - 7. Suppose 2*o - 2 - v = 0. Suppose 0 = -o*i - 2*i - 3*d + 108, -3*i - d + 76 = 0. What is the tens digit of i?
2
What is the hundreds digit of 1103 + 18/(-6) + 3 + -2?
1
Let q(b) = -3*b + 331. What is the tens digit of q(10)?
0
Let c = 0 + -1. Let q = 3 - c. What is the units digit of (q - 0)/4*9?
9
Let q(t) be the first derivative of -t**4/4 + 11*t**3/3 + t**2 - 12*t + 1. Let z be q(11). Let o(y) = 2*y**2 - 12*y - 15. What is the tens digit of o(z)?
6
Let g be 67/6 - 13/78. Let m(l) = -l**3 + 3*l**2 - 6*l + 2. Let y be m(4). Let c = g - y. What is the tens digit of c?
4
Suppose -3*p = w - 27, 7*w - 9*w + 3*p + 81 = 0. What is the units digit of w?
6
Suppose 44*p = 2*t + 39*p - 1845, 4525 = 5*t + 5*p. What is the tens digit of t?
1
Suppose 36 = -11*r + 12*r. Let c be r/7 - (-4)/(-28). Suppose -c*g + 15 = 0, 2*y - 2*g - 9 = 3*g. What is the units digit of y?
2
Suppose -10*r + 26796 = 12*r. What is the tens digit of r?
1
What is the thousands digit of (-16)/(4 - 4044/1010)?
4
Let h(a) = a**2 + 14*a + 4. Let b be h(-8). Let i be b/(-6)*(-18)/(-4). Let r = i + -2. What is the tens digit of r?
3
Suppose 0 = 4*z - 8 - 16. Suppose 80 = -z*d - 538. Let y = -56 - d. What is the units digit of y?
7
Let h = 245 - -182. What is the units digit of h?
7
What is the units digit of (-8354)/(-2) + 5 + 7?
9
What is the hundreds digit of (2 - -408)*16/20?
3
Suppose q + 3*a - 17 = -3*q, -5*a - 15 = -2*q. What is the tens digit of (q - 0)/5 + 35?
3
Let j = -157 - -77. Let c = 116 + j. What is the tens digit of c?
3
Suppose -48*c = -28*c - 22460. What is the tens digit of c?
2
Let k = -2 + -3. What is the units digit of (0 + k)/5*-77?
7
Let c = -3951 + 8732. What is the thousands digit of c?
4
Let l(g) = 2*g**3 - 12*g**2 - 2*g + 9. Let d(h) = 2*h**3 - 5*h + 2. Let r be d(2). What is the hundreds digit of l(r)?
2
Let l(k) = 4*k + 40. Let d be l(0). Let z = -38 + d. Suppose -2*j - z*j = -y - 167, -2*j + 2*y + 76 = 0. What is the units digit of j?
3
Suppose -2 = -u, 0 = -f + 35*u - 31*u + 2997. What is the thousands digit of f?
3
Suppose -3*b - 4*m + 9 = 0, 29 = 3*b - 2*m + 2. Suppose -380 = -b*c + 2*c. What is the tens digit of c?
7
Suppose -3*l + 99 = -24. Let v = 4 + l. What is the tens digit of v?
4
What is the thousands digit of 120/(-36)*24732/(-24)?
3
What is the units digit of -6 - ((6 - 11)/5 - 4710)?
5
Let i = -1847 - -2755. What is the hundreds digit of i?
9
Let g = -1061 + 2752. What is the hundreds digit of g?
6
Let w = -57 - -66. What is the hundreds digit of ((-321)/w)/(2/(-6))?
1
Suppose 2*j - 2*w - 972 = 0, -105*j = -100*j + 2*w - 2395. What is the hundreds digit of j?
4
Let a be (-6)/45 - 10/(-75). What is the tens digit of (a - -112)/2 + -1?
5
What is the hundreds digit of (-3)/(-21) - (4 - (-47278)/(-49))?
9
Let x = -1047 + 1517. What is the tens digit of x?
7
Suppose 3*o - 2*r = 29, 5*o = -5*r - 1 + 41. Suppose -o = -d + 3. What is the tens digit of d?
1
Let f(o) = -o**2 - o - 10. Let z be f(0). Let l be (z/(-2))/(1 + 0). Suppose 229 = l*r + 79. What is the tens digit of r?
3
Let b(l) = 68*l + 146. What is the thousands digit of b(14)?
1
Suppose -19*n + 14*n = -1195. Let w = n + -136. What is the hundreds digit of w?
1
Let q(u) = -12*u - 2. Let g be q(-1). What is the units digit of ((-5)/g)/((-5)/10)?
1
Let v = 1237 + -1216. What is the units digit of v?
1
Suppose -2*n = 4*m + 3*n - 2362, 2*m + 2*n - 1180 = 0. What is the hundreds digit of m?
5
Let h = 1175 + -694. What is the hundreds digit of h?
4
Let k(t) = t**2 + 2*t - 4. Let j be k(10). Suppose -11*f - j = -13*f. What is the units digit of f?
8
Let t(i) = -12*i - 22. Suppose -3*x + 2*s - 27 = 0, 2*s + 0*s - 36 = 4*x. What is the tens digit of t(x)?
8
Let j(f) = -f**3 + 8*f**2 - 4*f - 5. Let d be j(7). Let w = d - 9. Let h = w - -19. What is the units digit of h?
6
Suppose 22*q + 14 = 29*q. Suppose 574 = q*h + 4*u, 4*h + 4*u = 3*h + 283. What is the tens digit of h?
9
Let c = -862 - -1538. What is the tens digit of c?
7
Let z be (27*-7 + 3)/(-2*1). Suppose -2*g = -n + 3*g + z, -5*n + 546 = 2*g. What is the hundreds digit of n?
1
Let a(n) = n**3 - 7*n**2 - 6*n - 11. Let c be (-3)/4 - 35/(-4). Let h be a(c). Suppose -m = -h, 6*y - 2*y + 4*m = 92. What is the tens digit of y?
1
Let p be ((-370)/25)/((-1)/(-5)). What is the tens digit of p/2*(4 + -5)?
3
Let i = 2693 + -513. What is the thousands digit of i?
2
Suppose 0*h - 578 = -5*a + h, -a + 112 = h. Let r = -238 + a. What is the units digit of r/(-4) + 3/(-4)?
0
Let o = 309 - 203. What is the units digit of o?
6
Let z(r) = 44*r**2 + 346*r - 19. What is the hundreds digit of z(-14)?
7
Let w(s) = -10831*s**2 + 3*s - 1. Let a be w(1). What is the hundreds digit of (-6)/(-10) + a/(-85)?
1
Suppose p - 12 = -2. Suppose -5*u - 425 = -p*u. What is the tens digit of u?
8
Let b(c) = c**3 + c**2 + c. Let z(m) = -6*m**3 - 7*m**2 - 18*m - 12. Let y(t) = 5*b(t) + z(t). What is the tens digit of y(-5)?
2
Suppose 9 = -r + 4*r. Suppose -13 - 5 = -r*l. Suppose w - l = 13. What is the units digit of w?
9
Let i(o) = o**3 + 31*o**2 + 41*o + 21. What is the hundreds digit of i(-25)?
7
Let v = 24 + -17. Suppose 0 = v*n - n - 408. What is the tens digit of n?
6
Suppose 4 = l + l. Suppose l*d = 4*x + 392, -2*d + 2*x - 5*x = -427. What is the units digit of d?
6
Let s = 2485 - 1308. What is the hundreds digit of s?
1
Let v be (-104)/(-10)*(-12 - -17). Let h = 140 - v. What is the tens digit of h?
8
Let b(p) = -p + 20. Let c be (8/(-12))/((-6)/(-45)). Let z(w) = w**2 + 3*w + 5. Let t be z(c). What is the units digit of b(t)?
5
Suppose -5*h - 9505 = -2*y, 0*h - 4745 = -y + 4*h. What is the hundreds digit of y?
7
Suppose -7 = -3*w + 47. Suppose 4*j = -2*x - w, -3*x + 4*j = -3 - 0. Let p = 13 + x. What is the units digit of p?
0
Suppose -r + 5*r = -8. What is the units digit of -5*((-72)/20 - r)?
8
Let n = -666 + 1175. What is the hundreds digit of n?
5
Suppose -26*s - 32*s = -26564. What is the units digit of s?
8
Let f(y) = 512*y + 5. What is 